ivative of i**2 - 1/10*i**5 - 2 - 1/6*i**3 + 1/12*i**4 + 67*i. Give a(-2).
24
Let m(a) = a**3 - 7*a**2 - 173*a + 1176. Let q be m(7). Let d(h) = h**3 + 36*h**2 + 33*h - 69. Calculate d(q).
1
Suppose f - 24 = 5*o, 3*f = -4*o + 7*o + 24. Let i(t) = 3*t - 8 - 7 + 0*t + 6. What is i(f)?
3
Let o(k) = -k**3 - 34*k**2 - 76*k + 549. Let a be o(-31). Let n(x) = -x**3 + 20*x**2 + 50*x - 140. Calculate n(a).
-8
Let l(z) be the third derivative of -z**6/120 - 7*z**5/60 - 5*z**4/12 - z**3/3 - 1155*z**2. Determine l(-5).
-2
Let v(l) = 20*l**3 - 4*l**2 + 5*l + 10. Let x(z) = -43*z**3 + 8*z**2 - 10*z - 23. Let m(k) = -9*v(k) - 4*x(k). Determine m(1).
-7
Suppose y + 4 = -3*p - 16, 2*y + 5*p + 47 = 0. Let k(h) = -h**3 - 39*h**2 + 83*h + 9. Calculate k(y).
-32
Let x(p) = p**2 - 92*p + 1965. Let r be x(59). Let v(z) be the first derivative of 1/2*z**2 + z + r. What is v(-3)?
-2
Suppose -159*j + 167 = -628. Let a(x) = -3*x + 2*x**2 - 4*x**2 + 3*x**2 - 6. What is a(j)?
4
Let a(s) = 15*s**2 + 6*s + 17. Let n(t) = -11*t**2 - 4*t - 15. Let h(g) = 4*a(g) + 5*n(g). Give h(3).
50
Let w(m) = -632*m + 10102 + 628*m - 10249. Determine w(-39).
9
Suppose -5*k + 10 = 5*z - 5, -k = -3*z + 1. Let c(q) be the first derivative of -q**4/4 - q**2/2 + 21. Determine c(z).
-2
Let r(j) = -j**2 + 14 - 2330*j + 4641*j - 2336*j. What is r(-26)?
-12
Suppose 4*h - 34 = -0*d - 5*d, -4*d = -5*h - 19. Let r(l) = 6. Let t(y) = -y - 13. Let u(m) = 5*r(m) + 2*t(m). What is u(d)?
-8
Suppose 0 = 4*k + 8*k - 36. Let x be (14/6 - 0) + (-1)/k. Let l(o) = 4 - o - x + 2*o - 3*o. Give l(-5).
12
Let l(r) = -7*r**3 - 16*r**2 - 13*r + 10. Let x(g) = -2*g**3 - g**2 - 1. Suppose 12*d - 1 = -13. Let b(j) = d*l(j) + 4*x(j). Determine b(13).
-14
Let x(j) = j**3 + 9*j**2 + 12*j - 3. Let g = -5877 - -5870. Determine x(g).
11
Let y(n) be the first derivative of -2*n**3/3 - 23*n**2/2 - 4*n + 2345. What is y(-11)?
7
Let m(x) be the third derivative of x**6/60 + x**5/15 + x**4/24 - x**3/3 + 412*x**2. Let o = 5 - 7. Give m(o).
-4
Let z be 5*(6 + (-52)/10). Let f(g) = -3*g**2 - 1. Let h(d) = -13*d**2 + 5*d + 2. Let u(k) = z*f(k) - h(k). Calculate u(5).
-6
Let r be (57/6 - 3)*(10 + 236/(-26)). Let y(d) = -16*d + 69. What is y(r)?
-27
Let j(c) = 419*c - 3339. Let t be j(8). Let y(d) = -d**3 + 16*d**2 - 41*d + 24. Calculate y(t).
-2
Let g(u) = u - 6. Let q = 216 - 268. Let r = q - -59. Determine g(r).
1
Let x = -31 + 33. Let l = 5 - x. Let a(k) be the third derivative of k**5/30 - 5*k**4/24 + k**3/3 - 10*k**2. Determine a(l).
5
Let z(i) = -9*i**3 + 5*i**2 - 6*i - 2. Let t be ((-4)/(-6))/((-3)/(-63) - (-42)/147). Determine z(t).
-66
Let p(i) = i**3 + 17*i**2 + 71*i - 13. Let w be p(-9). Let x(y) = -y - 3. Calculate x(w).
1
Let m(a) = -a**3 + 4*a**2 - 4*a + 3. Suppose 19*d - 24*d = 4*x - 30, 0 = 3*x + 15. Suppose d = -6*z + 28. Calculate m(z).
0
Let j(u) be the first derivative of -26*u**2 + 20*u - 5602. Determine j(2).
-84
Suppose 3*c + 4 = -2*x + 20, 0 = -x - c + 7. Let l = x + -13. Let d(i) = i + 5. Give d(l).
-3
Let d = -203 - -199. Let k(x) = -34*x - 5. Let m(b) = 25*b + 5. Let i(l) = -3*k(l) - 4*m(l). Calculate i(d).
-13
Suppose 0 = -3*r - 3*i, 744 = -4*r - 3*i + 746. Let u(j) = -j**3 + 4*j**2 - 6*j + 6. Calculate u(r).
2
Let f(g) = 22*g - 69. Let j(n) = 3*n - 7. Let h(a) = f(a) - 7*j(a). Give h(17).
-3
Let r(j) = 3*j**3 - 116*j**2 - 44*j - 52. Let t(x) = -x**3 + 41*x**2 + 15*x + 17. Let i(u) = 6*r(u) + 17*t(u). What is i(-2)?
-9
Let i(c) be the third derivative of 5*c**4/24 + 204*c**2. Let s(l) = 2*l + 3. Let j be s(0). Let b(w) = 5*w + 1. Let a(d) = j*i(d) - 4*b(d). Give a(3).
-19
Let t(u) = 3*u - 13. Suppose -14*k + 11*k + 15 = 0. Let x(o) = 16*o - 72. Let p(n) = k*x(n) - 28*t(n). Determine p(4).
-12
Let a(q) = 8*q - 3. Let t(u) = 10*u - 2. Suppose -31*p + 19*p = -24. Let f(m) = p*t(m) - 3*a(m). Give f(5).
-15
Let a(i) = -i**3 + 10*i**2 + 10*i - 5. Let p be (-18)/((3/(-36))/(5/(-10))). Let x be 38/4 - p/72. Give a(x).
-16
Let q(j) = -j**2 - 2*j. Let r be q(0). Let c(a) = a**2 + 2*a - 2*a**2 - 3 + r*a**2 + 8*a**2. Let n(h) = -h**2 - h + 1. Let u(s) = -c(s) - 6*n(s). What is u(5)?
-8
Let k be 9/9 - -4 - 0. Let q(o) = -2 + 2*o**2 - 3*o**2 + 3. Let s(i) = 6*i**2 - 9*i + 2. Let x(c) = k*q(c) + s(c). Calculate x(7).
-7
Let s(m) = 5*m - 4. Let a(o) = -o. Let j(q) = -6*a(q) - s(q). Let z(f) = -3*f**2 + 9*f + 54. Let g be z(12). Let x = 275 + g. Calculate j(x).
9
Let k(r) = r**2 + 4*r - 16. Let f be k(-7). Let y be (-5)/(-6)*(f - -1 - 0). Let z(a) = -a - y - 5*a + a + 4*a. Determine z(-9).
4
Suppose -511*g - 581 - 441 = 0. Let z(v) = v + 10*v + 1 + v. What is z(g)?
-23
Let m be (-667)/(-115) + 2/10. Suppose 4*z = o - m, 5*o - 2*z + 8 - 20 = 0. Let p(j) = j**3 + 2*j**2 - 2*j + 2. Determine p(o).
14
Let i(r) = -10*r - 88. Let u = -24964 + 24955. Give i(u).
2
Let t = 529 - 535. Let h(v) = v. Let w(f) = -4*f. Let r(u) = t*h(u) - w(u). What is r(1)?
-2
Let o(n) = 6*n + 13. Let z be o(-2). Let s(x) = 5*x**3 + 16*x**2 - 5*x + 7. Let t(r) = -r**3 - 3*r**2. Let k(f) = z*s(f) + 4*t(f). What is k(-5)?
7
Let s(z) be the second derivative of -31*z**6/360 - z**4/24 + 2*z**3/3 + z**2/2 - 13*z - 5. Let x(q) be the second derivative of s(q). Give x(1).
-32
Let w(a) = a - 2. Let t = 92 - 94. Let b be (-102 - t/(-4)*-2)/(-1). Let m = -95 + b. Determine w(m).
4
Let w(v) = -23*v**2 + 3*v + 4. Let s be w(2). Let z = s + 75. Let y(r) = -13*r - 13. Let u(t) = -3*t - 3. Let d(m) = 9*u(m) - 2*y(m). What is d(z)?
6
Let x(u) = -4*u + 48. Let a(f) = -5*f + 57. Let d(p) = 5*a(p) - 6*x(p). Let q = 7 - 14. Give d(q).
4
Let s(w) = 2*w**3 + 6*w**2 - 6*w - 7. Let d(f) = -f**3 - 3*f**2 + 3*f + 3. Let v be (3 - (-144)/(-30))/(3/(-15)). Let o(c) = v*d(c) + 4*s(c). Calculate o(-4).
3
Let q(p) = -p**2 - 9*p + 65. Let x be q(-13). Suppose -3*h + 46 = 4*j, -x*h = -16*h - j + 34. Let a(b) = -b + 12. Determine a(h).
2
Let l = -421 - -421. Suppose 4*f + f - u = -31, 4*f - 2*u + 26 = l. Let o(r) = r**2 + r - 1. Let w(h) = h**2 - h - 2. Let q(g) = 2*o(g) - w(g). What is q(f)?
18
Let r(b) be the first derivative of -b**4/4 + 17*b**3/3 + 13*b + 1396. Give r(17).
13
Let z(x) = -x**3 + 10*x**2 + 10*x + 10. Suppose 8*u + 10*u = -9*u + 297. Calculate z(u).
-1
Let i(m) = -2*m - 36. Let o(w) = -150*w**2 - 170*w - 1. Let n be o(-1). Determine i(n).
-74
Let c(k) be the third derivative of k**6/120 - 7*k**5/60 + k**4/12 - 23*k**3/6 - 169*k**2 + 2*k. Determine c(7).
-9
Let r(z) = 8*z**3 + 32*z - 33. Let u be r(1). Let c(i) = -i**2 + 3*i + 11. Give c(u).
-17
Suppose -16*z + 9*z + 308 = 0. Let i = z + -51. Let s be 63/i - (1 + -6). Let r(v) = -v + 3. Give r(s).
7
Let f = -9 + 7. Let r(c) = -c**2 - 13*c - 6. Let g(u) = 2*u**3 - 3*u**2 - 46*u - 21. Let b(t) = -2*g(t) + 7*r(t). Determine b(f).
26
Let l = 426 - 420. Let s(z) = -7*z**3 - 3*z**2 + 5*z + 7. Let m(d) = 6*d**3 + 2*d**2 - 4*d - 6. Let n = -11 - -16. Let j(c) = l*m(c) + n*s(c). Give j(2).
-3
Let x(f) = 0*f + 30651 - 2*f - 30613. What is x(12)?
14
Let w(l) = 21 - 12*l - 7 + 17 + 10*l. Determine w(22).
-13
Let i(u) = -u**2 - 6*u - 3. Suppose -2*m + 6 = -0. Suppose m*d - d - 12 = 0. Let s be (-22 + 19)*8/d. What is i(s)?
5
Let g(p) be the first derivative of p**6/360 - 17*p**4/24 + 122*p**3/3 + 45. Let y(d) be the third derivative of g(d). Calculate y(5).
8
Let x(p) be the third derivative of -31*p - 1/12*p**4 + 0 - 1/120*p**6 + 5/6*p**3 + 1/15*p**5 - 3*p**2. Give x(4).
-3
Let h = -79 + 41. Let p = h + 41. Suppose -12 = 4*z + 5*i, p = -z + 5*i - 7*i. Let k(n) = -n**3 - 2*n**2 + 4*n + 3. What is k(z)?
0
Let t(o) be the second derivative of -o**4/12 + 5*o**3/3 - o + 195. Determine t(8).
16
Suppose 26*i + 25 = 103. Suppose i*g - 2 = -2*b, 3*g = -4*b - 5 + 3. Let n(j) = 0*j + 5*j + 5 - 2. Calculate n(b).
-7
Suppose -a - 3*k = -5, -4*a - 257 + 267 = 2*k. Let t(n) = 7*n**3 - 4*n**2 + 3*n + 3. Give t(a).
49
Let k(g) = 3*g - 9. Suppose -1021*h + 1023*h - 4 = 0. Suppose 4*x = -5*m + 1, 19 = 3*x - h*x - 5*m. Determine k(x).
3
Let v(n) be the third derivative of -n**6/120 + n**5/20 - n**4/12 - n**3/2 + 1111*n**2. Give v(5).
-63
Suppose 0 = 23786*t - 23802*t + 64. Let k(u) = u**2 + u + 4. Give k(t).
24
Let a(v) = 2*v**3 + 0*v**2 - 4*v**2 + 11*v**2 + 3*v - 4*v**3 + 3*v**3 + 4. What is a(-7)?
-17
Let n(r) be the second derivative of 94 + 2*r